e 10 = 2*q + 2. What are the prime factors of b(q)?
2, 41
Suppose 5*r = -5*s + 92 + 88, 0 = -4*s + r + 169. Suppose 0 = 3*q + 5 - s. Suppose -q = -t - t. List the prime factors of t.
2, 3
Suppose -2*d - 3*d = -30. Suppose 10*c - d*c + 384 = 0. Let j = -38 - c. List the prime factors of j.
2, 29
Let h be 57/(-15) + (84/(-20) - -4). List the prime factors of 58/((-1)/h*4).
2, 29
Let v(j) = j**3 + 7*j + j - 8*j**2 - 5 + 18*j**2. List the prime factors of v(-7).
2, 43
Let r = -6 + 9. Let c(a) = 0*a - a**2 - 28*a**3 + 5*a + 3 + 24*a**r. What are the prime factors of c(-2)?
3, 7
List the prime factors of 29 + -40 + 8754/2.
2, 37, 59
Let t = 106 + -89. Suppose 0 = -f, t*f - 1630 = -5*l + 20*f. What are the prime factors of l?
2, 163
Suppose 0*a + 2*a + 14 = 0. Let f = a + 12. Let s = f + 0. What are the prime factors of s?
5
Suppose -42*k + 15971 = -31153. What are the prime factors of k?
2, 3, 11, 17
Suppose -3*n + 4*n = -5*b + 217, -2*n - 3*b + 469 = 0. What are the prime factors of n?
2, 11
Suppose w - 1016 = -4*s, 3*s = -4*w - w + 5080. Let v be (-18)/(-135) + w/30. Let c = v - 31. List the prime factors of c.
3
List the prime factors of (44/(-5))/((-10)/950).
2, 11, 19
Let c be (-4)/(-5)*30/12. Suppose -p + c = p + 2*g, -g = 2*p - 3. Suppose 0 = -p*d + 22 + 16. What are the prime factors of d?
19
Let q(p) be the second derivative of 39*p**4/4 - p**3/6 - p**2/2 + 28*p. What are the prime factors of q(-1)?
3, 13
Let n = -60 - -59. Let o(j) be the first derivative of 25*j**3/3 + j**2/2 - 2. List the prime factors of o(n).
2, 3
Let d = -583 + 1006. List the prime factors of d.
3, 47
Let o be (-2)/(-5) - (-12)/90*-33. Let y(w) = w**3 + 8*w**2 - w - 5. What are the prime factors of y(o)?
3, 7
Let d(w) = 2*w**2 - 7*w - 2. Let q = -35 - -59. Suppose -s = 3*s - q. List the prime factors of d(s).
2, 7
Let v(a) = a + 7. Let i be v(-7). Suppose i = -3*b + 5*q + 132, -b + 2*q = -68 + 25. Suppose 4*h + b - 13 = 4*p, -2*h = 2*p - 30. List the prime factors of p.
2, 3
Suppose q + 96 = 4*q + 3*o, 0 = 3*q + 5*o - 100. Suppose 2*n - 3*j - q = 32, 2*j = 2*n - 60. List the prime factors of n.
2, 7
Let y = -30 - -43. Suppose y = -2*f + 195. List the prime factors of f.
7, 13
Let o = -839 - -1249. Suppose -3*z + 3*r + r + o = 0, 3*r = -6. List the prime factors of z.
2, 67
Suppose 2*c + 2*f = 160, -2*f - 2*f - 190 = -2*c. List the prime factors of ((-476)/c)/((-2)/35).
2, 7
Let w(n) = 15*n + 3. Suppose 5*u - u = 12. List the prime factors of w(u).
2, 3
Suppose 3*c = -a - 64, 2*a - 6 = -a. Suppose 0 = -t + 1, 2*w - 2*t - 81 = -t. Let d = c + w. List the prime factors of d.
19
Let i = 3940 - 2725. What are the prime factors of i?
3, 5
Suppose 2*w = w + 3*t + 10, 0 = 3*t + 3. Let a(j) = -4 - j - j + 4*j. What are the prime factors of a(w)?
2, 5
Let m = 19 - 11. Let l = -30 - m. List the prime factors of 4/6 - l/6.
7
Suppose 2*p + 5*r - 4772 = 0, 5*r - 7200 = -3*p + 8*r. List the prime factors of p.
2, 599
Suppose -47*v - 127 = -48*v. What are the prime factors of v?
127
Let y(h) = h**3 + 14*h**2 - 20*h - 12. Let u be y(-15). Suppose 9*t + u = 810. List the prime factors of t.
83
Suppose 0 = h - 5 + 8. Let d be ((-6)/9)/(2/h). Let w = d - -13. What are the prime factors of w?
2, 7
Let v(i) = -i**2 + 5*i. Let b be v(4). Let f be ((-21)/b)/3*-4. List the prime factors of 1794/42 + 2/f.
43
Let x be (6/4)/((-18)/(-48)). Suppose -6*p = -4*p + n - x, 0 = -4*p - 4*n. Suppose -p*m + 109 - 21 = 0. List the prime factors of m.
2, 11
Let w(v) = 339*v + 100. What are the prime factors of w(12)?
2, 521
List the prime factors of (54 + -49)*(1 + 164).
3, 5, 11
What are the prime factors of (-3)/(7/(-3164)*4)?
3, 113
Let k = 535 + 499. What are the prime factors of k?
2, 11, 47
Let a(c) = -c**3 - 8*c**2 + c + 7. Let l be a(-8). Let q be 0 + -3 + l + 90. List the prime factors of q/4 + (-1)/(-2).
2, 11
Let f be (1/1)/(16/(-368)). Let m = f - -23. Suppose -80 = -4*t + 4*o, -11 = -m*t - t + 4*o. What are the prime factors of t?
23
Suppose -6*q + 2*q = 0. Suppose v - 6*v = q. Suppose 0 = o - 2*k - 10, v*o + 2*k = 5*o - 50. List the prime factors of o.
2, 5
Let i = 565 + 407. What are the prime factors of i?
2, 3
Let z be 214 - (-3 - (-2 - 3) - 4). Suppose -z = 2*t - 8*t. List the prime factors of t.
2, 3
Suppose 3 = 3*k - 33. What are the prime factors of (-236)/(-3) + k/(-18)?
2, 3, 13
Let d be (-3 + 3)*9/27. Suppose -m = 5*p - 50, d = -2*p + p + 3. What are the prime factors of m?
5, 7
Let w = 42 - 40. What are the prime factors of (-43)/w*(3 + -5)?
43
Let r = -1322 + 2039. What are the prime factors of r?
3, 239
Let c(r) = 26*r**3 + 3*r**2 - 12*r + 13. What are the prime factors of c(4)?
3, 13, 43
Let j(r) = -r**3 - 3*r**2 - 4*r - 11. Let o be j(-2). Let w(m) = -1 - 1 + m**2 + 12 + 6*m. What are the prime factors of w(o)?
17
Suppose 395 = 2*h - v, -2*h - 4*v = -67 - 333. What are the prime factors of h?
2, 3, 11
Suppose c + 2*d - 2604 = 0, -66*c - d = -70*c + 10425. What are the prime factors of c?
2, 1303
Let n be 2/(-2 + 0) - -1. Suppose n*v = -v - 65. Let u = v - -104. What are the prime factors of u?
3, 13
Let l be (8*2 - 1) + (-3)/(-3). Let c = 91 - l. What are the prime factors of c?
3, 5
Let u be (-19)/(-7) - 2/(-7). Suppose -u*i + 5*p = -4, -2*p + 7*p + 10 = 0. What are the prime factors of -3 - (i + 160/(-4))?
3, 13
Suppose 3*n - 2819 = -2*s, 16*s = -3*n + 15*s + 2818. What are the prime factors of n?
3, 313
Let s(q) = -19*q**3 + q**2 + q - 1. Let y be s(1). Let z = 17 + y. Let j = z + 4. What are the prime factors of j?
3
Let i = 24 + -15. Suppose 0 = -i*l + 4*l + 20. What are the prime factors of l?
2
Let v = 73 + -64. Suppose 612 = -v*x + 13*x. What are the prime factors of x?
3, 17
Let s(b) be the third derivative of 1/60*b**5 + 0 + 0*b + 7/24*b**4 + 2*b**2 + 4/3*b**3. What are the prime factors of s(-6)?
2
Suppose 5*w + 473 = b, b - 481 = -0*b + 3*w. List the prime factors of b.
17, 29
Let u be (-15)/((-3)/(-240)*-3). What are the prime factors of (3/6)/(-2*(-4)/u)?
5
Let u be 2 + 3*-2 + 13. List the prime factors of u/(-6)*19*-2.
3, 19
Let j = 31 + -28. Suppose 2*l - 3*a - 72 = 0, -j*l = 2*a + a - 123. List the prime factors of l.
3, 13
Suppose 6*u - 25 = u. Suppose -o + 10 = 2*x + 3*o, -4*o + 25 = u*x. Suppose -38 = -3*f + 5*g, -g + 95 = x*f - 15. List the prime factors of f.
3, 7
Let d = -57 - -63. Suppose -3*w + d*w = 3, 2*y - 162 = -2*w. What are the prime factors of y?
2, 5
Suppose 5*g + 2*b + 2354 = 3*b, 4*b + 1417 = -3*g. Let v = -318 - g. What are the prime factors of v?
3, 17
Let s(f) = f + 12. Let b be (-3 + (-12)/2)*1. Let c be s(b). Suppose -c*m = m - 180. List the prime factors of m.
3, 5
Let q(i) = i**3 - 7*i**2 + 9*i. Let w be q(6). Let k(f) = f**3 - 14*f**2 + 3. Let d be k(14). List the prime factors of w - (0 - -3)/d.
17
Let u(q) = -12*q - 12. Let i be u(3). Let v = -22 - i. List the prime factors of v.
2, 13
Let f(s) = -s**3 + 11*s**2 + 4. Let x be f(11). Suppose 0 = 2*l - 10, p - 119 = x*l - 5*l. List the prime factors of p.
2, 3, 19
Suppose -4*u = -1053 + 273. Suppose 0*q + 3*q = u. What are the prime factors of q?
5, 13
Suppose 5*d - 516 = -4*f + 2323, 2*f - 569 = -d. List the prime factors of d.
3, 7
Let g(w) = -w - 1. Let x(o) = o**3 + 9*o**2 + 4*o - 3. Let q(c) = -4*g(c) + x(c). List the prime factors of q(-7).
43
Suppose -5*d - 36 = -b, -5*d - 75 = -3*b - d. Let r = 20 - 17. Suppose r*i + c = 71, -3*i + b = -2*i + c. What are the prime factors of i?
5
Let b(w) = -3*w + 4. Let y be b(-10). Let v(k) = k**2 + k - 3. Let l be v(4). Let d = y - l. List the prime factors of d.
17
Let d = -901 + 2680. What are the prime factors of d?
3, 593
Let g(h) = h**3 - 13*h**2 + 33*h - 30. What are the prime factors of g(12)?
2, 3, 37
List the prime factors of (1374/(-4))/(18/(-36)).
3, 229
Suppose -4*f + 54 = -3*w + 2, 3*f = -3*w + 18. Let s(t) = 6*t**2 + 12*t - 3*t**2 - 4*t**2. What are the prime factors of s(f)?
2, 5
Suppose -3*i + x = -4, -5*i - x + 5 = -7. Suppose 0 = -i*c - c + 156. What are the prime factors of c?
2, 13
List the prime factors of 179444/565*(18/4 - 2).
2, 397
Let z(a) be the second derivative of -a**4/12 - 5*a**3/3 - 4*a**2 + 2*a. Let m be z(-10). List the prime factors of 12/m*(-8 + -2).
3, 5
Suppose -4*b = -5*b + 388. Suppose 5*d - 132 -